{"id":70,"date":"2025-08-26T07:21:51","date_gmt":"2025-08-26T07:21:51","guid":{"rendered":"https:\/\/umarmia.de\/?page_id=70"},"modified":"2025-08-28T08:01:07","modified_gmt":"2025-08-28T08:01:07","slug":"die-geschichte-von-umarmia","status":"publish","type":"page","link":"https:\/\/umarmia.de\/?page_id=70","title":{"rendered":"Die Geschichte von Umarmia"},"content":{"rendered":"\t\t<div data-elementor-type=\"wp-page\" data-elementor-id=\"70\" class=\"elementor elementor-70\" data-elementor-post-type=\"page\">\n\t\t\t\t<div class=\"elementor-element elementor-element-5a1d322 e-flex e-con-boxed e-con e-parent\" data-id=\"5a1d322\" data-element_type=\"container\">\n\t\t\t\t\t<div class=\"e-con-inner\">\n\t\t\t\t<div class=\"elementor-element elementor-element-853d79f elementor-widget elementor-widget-heading\" data-id=\"853d79f\" data-element_type=\"widget\" data-widget_type=\"heading.default\">\n\t\t\t\t\t<h2 class=\"elementor-heading-title elementor-size-default\">Die Geschichte von Umarmia<\/h2>\t\t\t\t<\/div>\n\t\t\t\t<div class=\"elementor-element elementor-element-e87c1ea elementor-widget elementor-widget-text-editor\" data-id=\"e87c1ea\" data-element_type=\"widget\" data-widget_type=\"text-editor.default\">\n\t\t\t\t\t\t\t\t\t<p style=\"font-weight: 400;\">Es war einmal eine Zeit, in der die Welt manchmal zu laut, zu hastig und zu k\u00fchl erschien.<br \/>Die Kuscheltiere, die doch f\u00fcr W\u00e4rme und N\u00e4he geschaffen waren, f\u00fchlten sich darin oft verloren.<br \/>Einige lagen auf Regalbrettern und tr\u00e4umten still von Abenteuern, andere wurden durch weite Reisen getragen, doch keiner hatte ein wahres Zuhause, das allein f\u00fcr sie bestimmt war.<\/p><p style=\"font-weight: 400;\">Eines Tages trafen sich ein Teddyb\u00e4r mit einem schwarzen und einem braunen Ohr, ein beiges Alpaka mit gl\u00e4nzend schwarzen Augen und ein Hase mit Schlappohren und pinkem Anzug an einer Lichtung. Sie sprachen \u00fcber ihre Sehnsucht nach einem Ort, an dem jedes Kuscheltier wichtig war, egal ob alt, neu, zerknuddelt oder gl\u00e4nzend. Ein Ort, wo niemand in einer Kiste vergessen werden w\u00fcrde.<\/p><p style=\"font-weight: 400;\">Sie beschlossen:\u00a0<em>\u201eLasst uns unser eigenes Land gr\u00fcnden \u2013 ein Reich der Geborgenheit, in dem Umarmungen das h\u00f6chste Gesetz sind.\u201c<\/em><\/p><p style=\"font-weight: 400;\">Und so machten sie sich auf den Weg. Ihre Reise f\u00fchrte sie \u00fcber Flauschwiesen, die sich wie Decken unter den Pfoten anf\u00fchlten, durch Kissenberge, die h\u00f6her waren als jedes Regal, und \u00fcber glitzernde Sternenbr\u00fccken, die nur in Tr\u00e4umen sichtbar waren. Viele andere Kuscheltiere schlossen sich ihnen an \u2013 B\u00e4ren, Hunde, F\u00fcchse, Katzen, Eulen, sogar Fantasiegestalten wie Einh\u00f6rner und kleine Pl\u00fcschmonster.<\/p><p style=\"font-weight: 400;\">Nach einer langen Reise erreichten sie ein Tal, das weicher war als Watte und heller leuchtete als jedes Kinderzimmerlicht. Hier legten sie ihre Pfoten, Tatzen und Fl\u00fcgel \u00fcbereinander und sprachen feierlich:<\/p>\t\t\t\t\t\t\t\t<\/div>\n\t\t\t\t\t<\/div>\n\t\t\t\t<\/div>\n\t\t<div class=\"elementor-element elementor-element-735a7b0 e-flex e-con-boxed e-con e-parent\" data-id=\"735a7b0\" data-element_type=\"container\" data-settings=\"{&quot;background_background&quot;:&quot;classic&quot;}\">\n\t\t\t\t\t<div class=\"e-con-inner\">\n\t\t<div class=\"elementor-element elementor-element-6376bd0 e-con-full e-flex e-con e-child\" data-id=\"6376bd0\" data-element_type=\"container\">\n\t\t\t\t<div class=\"elementor-element elementor-element-d3c3430 elementor-widget elementor-widget-text-editor\" data-id=\"d3c3430\" data-element_type=\"widget\" data-widget_type=\"text-editor.default\">\n\t\t\t\t\t\t\t\t\t<p style=\"font-weight: 400;\"><strong><br \/>\u201eVon heute an gibt es Umarmia \u2013 das Land, in dem niemand alleine bleibt.\u201c<\/strong><\/p><p style=\"font-weight: 400;\">Am\u00a0<strong>14. Tag im 1. Pl\u00fcsch des Kuschelmonats 1<\/strong>\u00a0hielten sie ihre erste gro\u00dfe Versammlung ab. Dort wurde die\u00a0<strong>Verfassung der Gemeinschaft Umarmia<\/strong> beschlossen. Sie schrieb fest, dass jede Umarmung ein Grundrecht ist, dass alle Wesen gleich flauschig und gleich wertvoll sind und dass Streit stets mit Zuh\u00f6ren, N\u00e4he und M\u00e4rchen gel\u00f6st werden soll.\u00a0<\/p><p style=\"font-weight: 400;\">\u00a0<\/p>\t\t\t\t\t\t\t\t<\/div>\n\t\t\t\t<\/div>\n\t\t<div class=\"elementor-element elementor-element-8c135e6 e-con-full e-flex e-con e-child\" data-id=\"8c135e6\" data-element_type=\"container\">\n\t\t\t\t<div class=\"elementor-element elementor-element-4ba6555 elementor-widget elementor-widget-image\" data-id=\"4ba6555\" data-element_type=\"widget\" data-widget_type=\"image.default\">\n\t\t\t\t\t\t\t\t\t\t\t\t\t\t\t<img decoding=\"async\" width=\"150\" height=\"150\" src=\"https:\/\/umarmia.de\/wp-content\/uploads\/2025\/08\/cropped-2025-08-22-Logo-100x100.png\" class=\"attachment-thumbnail size-thumbnail wp-image-24\" alt=\"Logo Umarmia\" srcset=\"https:\/\/umarmia.de\/wp-content\/uploads\/2025\/08\/cropped-2025-08-22-Logo-150x150.png 150w, https:\/\/umarmia.de\/wp-content\/uploads\/2025\/08\/cropped-2025-08-22-Logo-300x300.png 300w, https:\/\/umarmia.de\/wp-content\/uploads\/2025\/08\/cropped-2025-08-22-Logo-768x768.png 768w, https:\/\/umarmia.de\/wp-content\/uploads\/2025\/08\/cropped-2025-08-22-Logo-100x100.png 100w, https:\/\/umarmia.de\/wp-content\/uploads\/2025\/08\/cropped-2025-08-22-Logo.png 1024w\" sizes=\"(max-width: 150px) 100vw, 150px\" \/>\t\t\t\t\t\t\t\t\t\t\t\t\t\t\t<\/div>\n\t\t\t\t<\/div>\n\t\t\t\t\t<\/div>\n\t\t\t\t<\/div>\n\t\t<div class=\"elementor-element elementor-element-a0bcb14 e-flex e-con-boxed e-con e-parent\" data-id=\"a0bcb14\" data-element_type=\"container\">\n\t\t\t\t\t<div class=\"e-con-inner\">\n\t\t\t\t<div class=\"elementor-element elementor-element-bab02e7 elementor-widget elementor-widget-text-editor\" data-id=\"bab02e7\" data-element_type=\"widget\" data-widget_type=\"text-editor.default\">\n\t\t\t\t\t\t\t\t\t<p style=\"font-weight: 400;\">Dieser Tag wird bis heute als\u00a0<strong>Nationaltag der Umarmungen<\/strong>\u00a0gefeiert \u2013 ein Fest, an dem das ganze Land zusammenkommt, um Geschichten zu teilen, Kissenburgen zu bauen und das Versprechen von W\u00e4rme zu erneuern.<\/p><p style=\"font-weight: 400;\">Mit den Jahren wuchs Umarmia. Neue Kuscheltiere kamen, manche von weit her, manche aus Kisten, Dachb\u00f6den oder von alten Kinderzimmern. Jedes erhielt seinen eigenen Pass, als Zeichen, dass es nie wieder vergessen oder zur\u00fcckgelassen w\u00fcrde. Der\u00a0<strong>Kuschelrat<\/strong>\u00a0wurde gegr\u00fcndet, damit immer gemeinsam entschieden werden konnte \u2013 nie herrschte einer allein, sondern alle Herzen zusammen.<\/p><p style=\"font-weight: 400;\">So entwickelte sich Umarmia zu einer Republik voller Geborgenheit, in der jedes Wesen dazugeh\u00f6rt. Seine Symbole \u2013 die Flagge in sanften Farben, das Wappen mit dem offenen Teddyb\u00e4r, die Feste im Rhythmus der Jahreszeiten \u2013 erinnern alle daran, warum dieses Land existiert: Weil jeder ein Zuhause braucht.<\/p><p style=\"font-weight: 400;\">Und so lebt die Geschichte von Umarmia weiter, nicht nur im Tal der Flauschwiesen, sondern \u00fcberall dort, wo Menschen und Kuscheltiere zusammenkommen, sich in die Augen sehen und sagen:<\/p><p style=\"font-weight: 400;\"><strong>\u201eHier bist du willkommen. Hier wirst du gesehen. Hier bist du geliebt.\u201c<\/strong><\/p><p style=\"font-weight: 400;\">Denn Umarmia ist mehr als ein Land.<br \/>Umarmia ist ein Gef\u00fchl.<\/p>\t\t\t\t\t\t\t\t<\/div>\n\t\t\t\t\t<\/div>\n\t\t\t\t<\/div>\n\t\t\t\t<\/div>\n\t\t","protected":false},"excerpt":{"rendered":"<p>Die Geschichte von Umarmia Es war einmal eine Zeit, in der die Welt manchmal zu laut, zu hastig und zu [&hellip;]<\/p>\n","protected":false},"author":1,"featured_media":0,"parent":0,"menu_order":0,"comment_status":"closed","ping_status":"closed","template":"","meta":{"site-sidebar-layout":"no-sidebar","site-content-layout":"","ast-site-content-layout":"full-width-container","site-content-style":"default","site-sidebar-style":"default","ast-global-header-display":"","ast-banner-title-visibility":"","ast-main-header-display":"","ast-hfb-above-header-display":"","ast-hfb-below-header-display":"","ast-hfb-mobile-header-display":"","site-post-title":"disabled","ast-breadcrumbs-content":"","ast-featured-img":"disabled","footer-sml-layout":"","theme-transparent-header-meta":"","adv-header-id-meta":"","stick-header-meta":"","header-above-stick-meta":"","header-main-stick-meta":"","header-below-stick-meta":"","astra-migrate-meta-layouts":"default","ast-page-background-enabled":"default","ast-page-background-meta":{"desktop":{"background-color":"var(--ast-global-color-5)","background-image":"","background-repeat":"repeat","background-position":"center center","background-size":"auto","background-attachment":"scroll","background-type":"","background-media":"","overlay-type":"","overlay-color":"","overlay-opacity":"","overlay-gradient":""},"tablet":{"background-color":"","background-image":"","background-repeat":"repeat","background-position":"center center","background-size":"auto","background-attachment":"scroll","background-type":"","background-media":"","overlay-type":"","overlay-color":"","overlay-opacity":"","overlay-gradient":""},"mobile":{"background-color":"","background-image":"","background-repeat":"repeat","background-position":"center center","background-size":"auto","background-attachment":"scroll","background-type":"","background-media":"","overlay-type":"","overlay-color":"","overlay-opacity":"","overlay-gradient":""}},"ast-content-background-meta":{"desktop":{"background-color":"var(--ast-global-color-4)","background-image":"","background-repeat":"repeat","background-position":"center center","background-size":"auto","background-attachment":"scroll","background-type":"","background-media":"","overlay-type":"","overlay-color":"","overlay-opacity":"","overlay-gradient":""},"tablet":{"background-color":"var(--ast-global-color-4)","background-image":"","background-repeat":"repeat","background-position":"center center","background-size":"auto","background-attachment":"scroll","background-type":"","background-media":"","overlay-type":"","overlay-color":"","overlay-opacity":"","overlay-gradient":""},"mobile":{"background-color":"var(--ast-global-color-4)","background-image":"","background-repeat":"repeat","background-position":"center center","background-size":"auto","background-attachment":"scroll","background-type":"","background-media":"","overlay-type":"","overlay-color":"","overlay-opacity":"","overlay-gradient":""}},"footnotes":""},"class_list":["post-70","page","type-page","status-publish","hentry"],"yoast_head":"<!-- This site is optimized with the Yoast SEO plugin v25.7 - https:\/\/yoast.com\/wordpress\/plugins\/seo\/ -->\n<title>Die Geschichte von Umarmia - Umarmia<\/title>\n<meta name=\"robots\" content=\"index, follow, max-snippet:-1, max-image-preview:large, max-video-preview:-1\" \/>\n<link rel=\"canonical\" href=\"https:\/\/umarmia.de\/?page_id=70\" \/>\n<meta property=\"og:locale\" content=\"de_DE\" \/>\n<meta property=\"og:type\" content=\"article\" \/>\n<meta property=\"og:title\" content=\"Die Geschichte von Umarmia - Umarmia\" \/>\n<meta property=\"og:description\" content=\"Die Geschichte von Umarmia Es war einmal eine Zeit, in der die Welt manchmal zu laut, zu hastig und zu [&hellip;]\" \/>\n<meta property=\"og:url\" content=\"https:\/\/umarmia.de\/?page_id=70\" \/>\n<meta property=\"og:site_name\" content=\"Umarmia\" \/>\n<meta property=\"article:modified_time\" content=\"2025-08-28T08:01:07+00:00\" \/>\n<meta property=\"og:image\" content=\"https:\/\/umarmia.de\/wp-content\/uploads\/2025\/08\/cropped-2025-08-22-Logo-100x100.png\" \/>\n<meta name=\"twitter:card\" content=\"summary_large_image\" \/>\n<meta name=\"twitter:label1\" content=\"Gesch\u00e4tzte Lesezeit\" \/>\n\t<meta name=\"twitter:data1\" content=\"3\u00a0Minuten\" \/>\n<script type=\"application\/ld+json\" class=\"yoast-schema-graph\">{\"@context\":\"https:\/\/schema.org\",\"@graph\":[{\"@type\":\"WebPage\",\"@id\":\"https:\/\/umarmia.de\/?page_id=70\",\"url\":\"https:\/\/umarmia.de\/?page_id=70\",\"name\":\"Die Geschichte von Umarmia - Umarmia\",\"isPartOf\":{\"@id\":\"https:\/\/umarmia.de\/#website\"},\"primaryImageOfPage\":{\"@id\":\"https:\/\/umarmia.de\/?page_id=70#primaryimage\"},\"image\":{\"@id\":\"https:\/\/umarmia.de\/?page_id=70#primaryimage\"},\"thumbnailUrl\":\"https:\/\/umarmia.de\/wp-content\/uploads\/2025\/08\/cropped-2025-08-22-Logo-100x100.png\",\"datePublished\":\"2025-08-26T07:21:51+00:00\",\"dateModified\":\"2025-08-28T08:01:07+00:00\",\"breadcrumb\":{\"@id\":\"https:\/\/umarmia.de\/?page_id=70#breadcrumb\"},\"inLanguage\":\"de\",\"potentialAction\":[{\"@type\":\"ReadAction\",\"target\":[\"https:\/\/umarmia.de\/?page_id=70\"]}]},{\"@type\":\"ImageObject\",\"inLanguage\":\"de\",\"@id\":\"https:\/\/umarmia.de\/?page_id=70#primaryimage\",\"url\":\"https:\/\/umarmia.de\/wp-content\/uploads\/2025\/08\/cropped-2025-08-22-Logo.png\",\"contentUrl\":\"https:\/\/umarmia.de\/wp-content\/uploads\/2025\/08\/cropped-2025-08-22-Logo.png\",\"width\":1024,\"height\":1024,\"caption\":\"Logo Umarmia\"},{\"@type\":\"BreadcrumbList\",\"@id\":\"https:\/\/umarmia.de\/?page_id=70#breadcrumb\",\"itemListElement\":[{\"@type\":\"ListItem\",\"position\":1,\"name\":\"Startseite\",\"item\":\"https:\/\/umarmia.de\/\"},{\"@type\":\"ListItem\",\"position\":2,\"name\":\"Die Geschichte von Umarmia\"}]},{\"@type\":\"WebSite\",\"@id\":\"https:\/\/umarmia.de\/#website\",\"url\":\"https:\/\/umarmia.de\/\",\"name\":\"Umarmia\",\"description\":\"\",\"publisher\":{\"@id\":\"https:\/\/umarmia.de\/#organization\"},\"potentialAction\":[{\"@type\":\"SearchAction\",\"target\":{\"@type\":\"EntryPoint\",\"urlTemplate\":\"https:\/\/umarmia.de\/?s={search_term_string}\"},\"query-input\":{\"@type\":\"PropertyValueSpecification\",\"valueRequired\":true,\"valueName\":\"search_term_string\"}}],\"inLanguage\":\"de\"},{\"@type\":\"Organization\",\"@id\":\"https:\/\/umarmia.de\/#organization\",\"name\":\"Umarmia\",\"url\":\"https:\/\/umarmia.de\/\",\"logo\":{\"@type\":\"ImageObject\",\"inLanguage\":\"de\",\"@id\":\"https:\/\/umarmia.de\/#\/schema\/logo\/image\/\",\"url\":\"https:\/\/umarmia.de\/wp-content\/uploads\/2025\/08\/cropped-2025-08-22-Logo.png\",\"contentUrl\":\"https:\/\/umarmia.de\/wp-content\/uploads\/2025\/08\/cropped-2025-08-22-Logo.png\",\"width\":1024,\"height\":1024,\"caption\":\"Umarmia\"},\"image\":{\"@id\":\"https:\/\/umarmia.de\/#\/schema\/logo\/image\/\"}}]}<\/script>\n<!-- \/ Yoast SEO plugin. -->","yoast_head_json":{"title":"Die Geschichte von Umarmia - Umarmia","robots":{"index":"index","follow":"follow","max-snippet":"max-snippet:-1","max-image-preview":"max-image-preview:large","max-video-preview":"max-video-preview:-1"},"canonical":"https:\/\/umarmia.de\/?page_id=70","og_locale":"de_DE","og_type":"article","og_title":"Die Geschichte von Umarmia - Umarmia","og_description":"Die Geschichte von Umarmia Es war einmal eine Zeit, in der die Welt manchmal zu laut, zu hastig und zu [&hellip;]","og_url":"https:\/\/umarmia.de\/?page_id=70","og_site_name":"Umarmia","article_modified_time":"2025-08-28T08:01:07+00:00","og_image":[{"url":"https:\/\/umarmia.de\/wp-content\/uploads\/2025\/08\/cropped-2025-08-22-Logo-100x100.png","type":"","width":"","height":""}],"twitter_card":"summary_large_image","twitter_misc":{"Gesch\u00e4tzte Lesezeit":"3\u00a0Minuten"},"schema":{"@context":"https:\/\/schema.org","@graph":[{"@type":"WebPage","@id":"https:\/\/umarmia.de\/?page_id=70","url":"https:\/\/umarmia.de\/?page_id=70","name":"Die Geschichte von Umarmia - Umarmia","isPartOf":{"@id":"https:\/\/umarmia.de\/#website"},"primaryImageOfPage":{"@id":"https:\/\/umarmia.de\/?page_id=70#primaryimage"},"image":{"@id":"https:\/\/umarmia.de\/?page_id=70#primaryimage"},"thumbnailUrl":"https:\/\/umarmia.de\/wp-content\/uploads\/2025\/08\/cropped-2025-08-22-Logo-100x100.png","datePublished":"2025-08-26T07:21:51+00:00","dateModified":"2025-08-28T08:01:07+00:00","breadcrumb":{"@id":"https:\/\/umarmia.de\/?page_id=70#breadcrumb"},"inLanguage":"de","potentialAction":[{"@type":"ReadAction","target":["https:\/\/umarmia.de\/?page_id=70"]}]},{"@type":"ImageObject","inLanguage":"de","@id":"https:\/\/umarmia.de\/?page_id=70#primaryimage","url":"https:\/\/umarmia.de\/wp-content\/uploads\/2025\/08\/cropped-2025-08-22-Logo.png","contentUrl":"https:\/\/umarmia.de\/wp-content\/uploads\/2025\/08\/cropped-2025-08-22-Logo.png","width":1024,"height":1024,"caption":"Logo Umarmia"},{"@type":"BreadcrumbList","@id":"https:\/\/umarmia.de\/?page_id=70#breadcrumb","itemListElement":[{"@type":"ListItem","position":1,"name":"Startseite","item":"https:\/\/umarmia.de\/"},{"@type":"ListItem","position":2,"name":"Die Geschichte von Umarmia"}]},{"@type":"WebSite","@id":"https:\/\/umarmia.de\/#website","url":"https:\/\/umarmia.de\/","name":"Umarmia","description":"","publisher":{"@id":"https:\/\/umarmia.de\/#organization"},"potentialAction":[{"@type":"SearchAction","target":{"@type":"EntryPoint","urlTemplate":"https:\/\/umarmia.de\/?s={search_term_string}"},"query-input":{"@type":"PropertyValueSpecification","valueRequired":true,"valueName":"search_term_string"}}],"inLanguage":"de"},{"@type":"Organization","@id":"https:\/\/umarmia.de\/#organization","name":"Umarmia","url":"https:\/\/umarmia.de\/","logo":{"@type":"ImageObject","inLanguage":"de","@id":"https:\/\/umarmia.de\/#\/schema\/logo\/image\/","url":"https:\/\/umarmia.de\/wp-content\/uploads\/2025\/08\/cropped-2025-08-22-Logo.png","contentUrl":"https:\/\/umarmia.de\/wp-content\/uploads\/2025\/08\/cropped-2025-08-22-Logo.png","width":1024,"height":1024,"caption":"Umarmia"},"image":{"@id":"https:\/\/umarmia.de\/#\/schema\/logo\/image\/"}}]}},"_links":{"self":[{"href":"https:\/\/umarmia.de\/index.php?rest_route=\/wp\/v2\/pages\/70","targetHints":{"allow":["GET"]}}],"collection":[{"href":"https:\/\/umarmia.de\/index.php?rest_route=\/wp\/v2\/pages"}],"about":[{"href":"https:\/\/umarmia.de\/index.php?rest_route=\/wp\/v2\/types\/page"}],"author":[{"embeddable":true,"href":"https:\/\/umarmia.de\/index.php?rest_route=\/wp\/v2\/users\/1"}],"replies":[{"embeddable":true,"href":"https:\/\/umarmia.de\/index.php?rest_route=%2Fwp%2Fv2%2Fcomments&post=70"}],"version-history":[{"count":21,"href":"https:\/\/umarmia.de\/index.php?rest_route=\/wp\/v2\/pages\/70\/revisions"}],"predecessor-version":[{"id":184,"href":"https:\/\/umarmia.de\/index.php?rest_route=\/wp\/v2\/pages\/70\/revisions\/184"}],"wp:attachment":[{"href":"https:\/\/umarmia.de\/index.php?rest_route=%2Fwp%2Fv2%2Fmedia&parent=70"}],"curies":[{"name":"wp","href":"https:\/\/api.w.org\/{rel}","templated":true}]}}