{"id":67,"date":"2025-08-26T07:46:20","date_gmt":"2025-08-26T07:46:20","guid":{"rendered":"https:\/\/umarmia.de\/?page_id=67"},"modified":"2025-08-27T07:31:44","modified_gmt":"2025-08-27T07:31:44","slug":"verfassung-der-republik-umarmia","status":"publish","type":"page","link":"https:\/\/umarmia.de\/?page_id=67","title":{"rendered":"Verfassung der Republik Umarmia"},"content":{"rendered":"\t\t<div data-elementor-type=\"wp-page\" data-elementor-id=\"67\" class=\"elementor elementor-67\" data-elementor-post-type=\"page\">\n\t\t\t\t<div class=\"elementor-element elementor-element-79b681e e-flex e-con-boxed e-con e-parent\" data-id=\"79b681e\" data-element_type=\"container\">\n\t\t\t\t\t<div class=\"e-con-inner\">\n\t\t\t\t<div class=\"elementor-element elementor-element-861b895 elementor-widget elementor-widget-text-editor\" data-id=\"861b895\" data-element_type=\"widget\" data-widget_type=\"text-editor.default\">\n\t\t\t\t\t\t\t\t\t<h1>Verfassung der Republik Umarmia<\/h1>\t\t\t\t\t\t\t\t<\/div>\n\t\t\t\t\t<\/div>\n\t\t\t\t<\/div>\n\t\t<div class=\"elementor-element elementor-element-edef028 e-flex e-con-boxed e-con e-parent\" data-id=\"edef028\" data-element_type=\"container\" data-settings=\"{&quot;background_background&quot;:&quot;gradient&quot;}\">\n\t\t\t\t\t<div class=\"e-con-inner\">\n\t\t\t\t<div class=\"elementor-element elementor-element-450adcf elementor-widget elementor-widget-text-editor\" data-id=\"450adcf\" data-element_type=\"widget\" data-widget_type=\"text-editor.default\">\n\t\t\t\t\t\t\t\t\t<p style=\"font-weight: 400;\"><strong>Pr\u00e4ambel<\/strong><br \/>Wir, die Kuscheltiere und Freund:innen von Umarmia, schlie\u00dfen uns zusammen, um W\u00e4rme, Geborgenheit und Freundschaft f\u00fcr alle zu bewahren.<\/p>\t\t\t\t\t\t\t\t<\/div>\n\t\t\t\t<div class=\"elementor-element elementor-element-ed919ff elementor-widget elementor-widget-text-editor\" data-id=\"ed919ff\" data-element_type=\"widget\" data-widget_type=\"text-editor.default\">\n\t\t\t\t\t\t\t\t\t<p style=\"font-weight: 400;\"><strong>Artikel 1 \u2013 Herzrecht<\/strong><br \/>Jeder hat das Recht auf Umarmungen, Trost und N\u00e4he. Niemand darf einsam bleiben.<\/p>\t\t\t\t\t\t\t\t<\/div>\n\t\t\t\t<div class=\"elementor-element elementor-element-2ba0519 elementor-widget elementor-widget-text-editor\" data-id=\"2ba0519\" data-element_type=\"widget\" data-widget_type=\"text-editor.default\">\n\t\t\t\t\t\t\t\t\t<p style=\"font-weight: 400;\"><strong>Artikel 2 \u2013 Gleichflauschigkeit<\/strong><br \/>Alle Wesen sind gleich wertvoll \u2013 ob gro\u00df, klein, alt, neu, zerknuddelt oder gl\u00e4nzend.<\/p>\t\t\t\t\t\t\t\t<\/div>\n\t\t\t\t<div class=\"elementor-element elementor-element-f6d66ad elementor-widget elementor-widget-text-editor\" data-id=\"f6d66ad\" data-element_type=\"widget\" data-widget_type=\"text-editor.default\">\n\t\t\t\t\t\t\t\t\t<p style=\"font-weight: 400;\"><strong>Artikel 3 \u2013 Friedliche Kuschelung<\/strong><br \/>Streitigkeiten werden durch Umarmen, Zuh\u00f6ren oder gemeinsames Geschichten-Erz\u00e4hlen beigelegt.<\/p>\t\t\t\t\t\t\t\t<\/div>\n\t\t\t\t<div class=\"elementor-element elementor-element-a66cc4b elementor-widget elementor-widget-text-editor\" data-id=\"a66cc4b\" data-element_type=\"widget\" data-widget_type=\"text-editor.default\">\n\t\t\t\t\t\t\t\t\t<p style=\"font-weight: 400;\"><strong>Artikel 4 \u2013 Rat der Flauschigkeit<\/strong><br \/>Die Gemeinschaft entscheidet zusammen im Kuschelrat, wo alle Stimmen gleich z\u00e4hlen.<\/p>\t\t\t\t\t\t\t\t<\/div>\n\t\t\t\t<div class=\"elementor-element elementor-element-340b3a0 elementor-widget elementor-widget-text-editor\" data-id=\"340b3a0\" data-element_type=\"widget\" data-widget_type=\"text-editor.default\">\n\t\t\t\t\t\t\t\t\t<p><strong>Artikel 5 \u2013 Pflicht zur W\u00e4rme<\/strong><br \/>Jeder soll sein Bestes tun, anderen Geborgenheit zu schenken und das Land weich, warm und freundlich zu halten.<\/p>\t\t\t\t\t\t\t\t<\/div>\n\t\t\t\t\t<\/div>\n\t\t\t\t<\/div>\n\t\t<div class=\"elementor-element elementor-element-909c56a e-flex e-con-boxed e-con e-parent\" data-id=\"909c56a\" data-element_type=\"container\">\n\t\t\t\t\t<div class=\"e-con-inner\">\n\t\t\t\t<div class=\"elementor-element elementor-element-5a6aa01 elementor-widget elementor-widget-text-editor\" data-id=\"5a6aa01\" data-element_type=\"widget\" data-widget_type=\"text-editor.default\">\n\t\t\t\t\t\t\t\t\t<p style=\"font-weight: 400;\">Diese Verfassung wurde gemeinsam durch und mithilfe aller Bewohnerinnen und Bewohner von Umarmia erarbeitet und einstimmig beschlossen.<br \/>Sie ist von jetzt an g\u00fcltig bis in alle Ewigkeit und dient dem Frieden, der Liebe und einem flauschigen Miteinander.<br \/>Rassismus, Diskriminierung, Ungerechtigkeit und sonstige Zuwiderhandlungen haben in Umarmia keinen Platz.<\/p>\t\t\t\t\t\t\t\t<\/div>\n\t\t\t\t\t<\/div>\n\t\t\t\t<\/div>\n\t\t\t\t<\/div>\n\t\t","protected":false},"excerpt":{"rendered":"<p>Verfassung der Republik Umarmia Pr\u00e4ambelWir, die Kuscheltiere und Freund:innen von Umarmia, schlie\u00dfen uns zusammen, um W\u00e4rme, Geborgenheit und Freundschaft f\u00fcr [&hellip;]<\/p>\n","protected":false},"author":1,"featured_media":0,"parent":0,"menu_order":0,"comment_status":"closed","ping_status":"closed","template":"","meta":{"site-sidebar-layout":"no-sidebar","site-content-layout":"","ast-site-content-layout":"full-width-container","site-content-style":"default","site-sidebar-style":"default","ast-global-header-display":"","ast-banner-title-visibility":"","ast-main-header-display":"","ast-hfb-above-header-display":"","ast-hfb-below-header-display":"","ast-hfb-mobile-header-display":"","site-post-title":"disabled","ast-breadcrumbs-content":"","ast-featured-img":"disabled","footer-sml-layout":"","theme-transparent-header-meta":"","adv-header-id-meta":"","stick-header-meta":"","header-above-stick-meta":"","header-main-stick-meta":"","header-below-stick-meta":"","astra-migrate-meta-layouts":"default","ast-page-background-enabled":"default","ast-page-background-meta":{"desktop":{"background-color":"var(--ast-global-color-5)","background-image":"","background-repeat":"repeat","background-position":"center center","background-size":"auto","background-attachment":"scroll","background-type":"","background-media":"","overlay-type":"","overlay-color":"","overlay-opacity":"","overlay-gradient":""},"tablet":{"background-color":"","background-image":"","background-repeat":"repeat","background-position":"center center","background-size":"auto","background-attachment":"scroll","background-type":"","background-media":"","overlay-type":"","overlay-color":"","overlay-opacity":"","overlay-gradient":""},"mobile":{"background-color":"","background-image":"","background-repeat":"repeat","background-position":"center center","background-size":"auto","background-attachment":"scroll","background-type":"","background-media":"","overlay-type":"","overlay-color":"","overlay-opacity":"","overlay-gradient":""}},"ast-content-background-meta":{"desktop":{"background-color":"var(--ast-global-color-4)","background-image":"","background-repeat":"repeat","background-position":"center center","background-size":"auto","background-attachment":"scroll","background-type":"","background-media":"","overlay-type":"","overlay-color":"","overlay-opacity":"","overlay-gradient":""},"tablet":{"background-color":"var(--ast-global-color-4)","background-image":"","background-repeat":"repeat","background-position":"center center","background-size":"auto","background-attachment":"scroll","background-type":"","background-media":"","overlay-type":"","overlay-color":"","overlay-opacity":"","overlay-gradient":""},"mobile":{"background-color":"var(--ast-global-color-4)","background-image":"","background-repeat":"repeat","background-position":"center center","background-size":"auto","background-attachment":"scroll","background-type":"","background-media":"","overlay-type":"","overlay-color":"","overlay-opacity":"","overlay-gradient":""}},"footnotes":""},"class_list":["post-67","page","type-page","status-publish","hentry"],"yoast_head":"<!-- This site is optimized with the Yoast SEO plugin v25.7 - https:\/\/yoast.com\/wordpress\/plugins\/seo\/ -->\n<title>Verfassung der Republik Umarmia - Umarmia<\/title>\n<meta name=\"robots\" content=\"index, follow, max-snippet:-1, max-image-preview:large, max-video-preview:-1\" \/>\n<link rel=\"canonical\" href=\"https:\/\/umarmia.de\/?page_id=67\" \/>\n<meta property=\"og:locale\" content=\"de_DE\" \/>\n<meta property=\"og:type\" content=\"article\" \/>\n<meta property=\"og:title\" content=\"Verfassung der Republik Umarmia - Umarmia\" \/>\n<meta property=\"og:description\" content=\"Verfassung der Republik Umarmia Pr\u00e4ambelWir, die Kuscheltiere und Freund:innen von Umarmia, schlie\u00dfen uns zusammen, um W\u00e4rme, Geborgenheit und Freundschaft f\u00fcr [&hellip;]\" \/>\n<meta property=\"og:url\" content=\"https:\/\/umarmia.de\/?page_id=67\" \/>\n<meta property=\"og:site_name\" content=\"Umarmia\" \/>\n<meta property=\"article:modified_time\" content=\"2025-08-27T07:31:44+00:00\" \/>\n<meta name=\"twitter:card\" content=\"summary_large_image\" \/>\n<meta name=\"twitter:label1\" content=\"Gesch\u00e4tzte Lesezeit\" \/>\n\t<meta name=\"twitter:data1\" content=\"1\u00a0Minute\" \/>\n<script type=\"application\/ld+json\" class=\"yoast-schema-graph\">{\"@context\":\"https:\/\/schema.org\",\"@graph\":[{\"@type\":\"WebPage\",\"@id\":\"https:\/\/umarmia.de\/?page_id=67\",\"url\":\"https:\/\/umarmia.de\/?page_id=67\",\"name\":\"Verfassung der Republik Umarmia - Umarmia\",\"isPartOf\":{\"@id\":\"https:\/\/umarmia.de\/#website\"},\"datePublished\":\"2025-08-26T07:46:20+00:00\",\"dateModified\":\"2025-08-27T07:31:44+00:00\",\"breadcrumb\":{\"@id\":\"https:\/\/umarmia.de\/?page_id=67#breadcrumb\"},\"inLanguage\":\"de\",\"potentialAction\":[{\"@type\":\"ReadAction\",\"target\":[\"https:\/\/umarmia.de\/?page_id=67\"]}]},{\"@type\":\"BreadcrumbList\",\"@id\":\"https:\/\/umarmia.de\/?page_id=67#breadcrumb\",\"itemListElement\":[{\"@type\":\"ListItem\",\"position\":1,\"name\":\"Startseite\",\"item\":\"https:\/\/umarmia.de\/\"},{\"@type\":\"ListItem\",\"position\":2,\"name\":\"Verfassung der Republik Umarmia\"}]},{\"@type\":\"WebSite\",\"@id\":\"https:\/\/umarmia.de\/#website\",\"url\":\"https:\/\/umarmia.de\/\",\"name\":\"Umarmia\",\"description\":\"\",\"publisher\":{\"@id\":\"https:\/\/umarmia.de\/#organization\"},\"potentialAction\":[{\"@type\":\"SearchAction\",\"target\":{\"@type\":\"EntryPoint\",\"urlTemplate\":\"https:\/\/umarmia.de\/?s={search_term_string}\"},\"query-input\":{\"@type\":\"PropertyValueSpecification\",\"valueRequired\":true,\"valueName\":\"search_term_string\"}}],\"inLanguage\":\"de\"},{\"@type\":\"Organization\",\"@id\":\"https:\/\/umarmia.de\/#organization\",\"name\":\"Umarmia\",\"url\":\"https:\/\/umarmia.de\/\",\"logo\":{\"@type\":\"ImageObject\",\"inLanguage\":\"de\",\"@id\":\"https:\/\/umarmia.de\/#\/schema\/logo\/image\/\",\"url\":\"https:\/\/umarmia.de\/wp-content\/uploads\/2025\/08\/cropped-2025-08-22-Logo.png\",\"contentUrl\":\"https:\/\/umarmia.de\/wp-content\/uploads\/2025\/08\/cropped-2025-08-22-Logo.png\",\"width\":1024,\"height\":1024,\"caption\":\"Umarmia\"},\"image\":{\"@id\":\"https:\/\/umarmia.de\/#\/schema\/logo\/image\/\"}}]}<\/script>\n<!-- \/ Yoast SEO plugin. -->","yoast_head_json":{"title":"Verfassung der Republik Umarmia - Umarmia","robots":{"index":"index","follow":"follow","max-snippet":"max-snippet:-1","max-image-preview":"max-image-preview:large","max-video-preview":"max-video-preview:-1"},"canonical":"https:\/\/umarmia.de\/?page_id=67","og_locale":"de_DE","og_type":"article","og_title":"Verfassung der Republik Umarmia - Umarmia","og_description":"Verfassung der Republik Umarmia Pr\u00e4ambelWir, die Kuscheltiere und Freund:innen von Umarmia, schlie\u00dfen uns zusammen, um W\u00e4rme, Geborgenheit und Freundschaft f\u00fcr [&hellip;]","og_url":"https:\/\/umarmia.de\/?page_id=67","og_site_name":"Umarmia","article_modified_time":"2025-08-27T07:31:44+00:00","twitter_card":"summary_large_image","twitter_misc":{"Gesch\u00e4tzte Lesezeit":"1\u00a0Minute"},"schema":{"@context":"https:\/\/schema.org","@graph":[{"@type":"WebPage","@id":"https:\/\/umarmia.de\/?page_id=67","url":"https:\/\/umarmia.de\/?page_id=67","name":"Verfassung der Republik Umarmia - Umarmia","isPartOf":{"@id":"https:\/\/umarmia.de\/#website"},"datePublished":"2025-08-26T07:46:20+00:00","dateModified":"2025-08-27T07:31:44+00:00","breadcrumb":{"@id":"https:\/\/umarmia.de\/?page_id=67#breadcrumb"},"inLanguage":"de","potentialAction":[{"@type":"ReadAction","target":["https:\/\/umarmia.de\/?page_id=67"]}]},{"@type":"BreadcrumbList","@id":"https:\/\/umarmia.de\/?page_id=67#breadcrumb","itemListElement":[{"@type":"ListItem","position":1,"name":"Startseite","item":"https:\/\/umarmia.de\/"},{"@type":"ListItem","position":2,"name":"Verfassung der Republik Umarmia"}]},{"@type":"WebSite","@id":"https:\/\/umarmia.de\/#website","url":"https:\/\/umarmia.de\/","name":"Umarmia","description":"","publisher":{"@id":"https:\/\/umarmia.de\/#organization"},"potentialAction":[{"@type":"SearchAction","target":{"@type":"EntryPoint","urlTemplate":"https:\/\/umarmia.de\/?s={search_term_string}"},"query-input":{"@type":"PropertyValueSpecification","valueRequired":true,"valueName":"search_term_string"}}],"inLanguage":"de"},{"@type":"Organization","@id":"https:\/\/umarmia.de\/#organization","name":"Umarmia","url":"https:\/\/umarmia.de\/","logo":{"@type":"ImageObject","inLanguage":"de","@id":"https:\/\/umarmia.de\/#\/schema\/logo\/image\/","url":"https:\/\/umarmia.de\/wp-content\/uploads\/2025\/08\/cropped-2025-08-22-Logo.png","contentUrl":"https:\/\/umarmia.de\/wp-content\/uploads\/2025\/08\/cropped-2025-08-22-Logo.png","width":1024,"height":1024,"caption":"Umarmia"},"image":{"@id":"https:\/\/umarmia.de\/#\/schema\/logo\/image\/"}}]}},"_links":{"self":[{"href":"https:\/\/umarmia.de\/index.php?rest_route=\/wp\/v2\/pages\/67","targetHints":{"allow":["GET"]}}],"collection":[{"href":"https:\/\/umarmia.de\/index.php?rest_route=\/wp\/v2\/pages"}],"about":[{"href":"https:\/\/umarmia.de\/index.php?rest_route=\/wp\/v2\/types\/page"}],"author":[{"embeddable":true,"href":"https:\/\/umarmia.de\/index.php?rest_route=\/wp\/v2\/users\/1"}],"replies":[{"embeddable":true,"href":"https:\/\/umarmia.de\/index.php?rest_route=%2Fwp%2Fv2%2Fcomments&post=67"}],"version-history":[{"count":9,"href":"https:\/\/umarmia.de\/index.php?rest_route=\/wp\/v2\/pages\/67\/revisions"}],"predecessor-version":[{"id":108,"href":"https:\/\/umarmia.de\/index.php?rest_route=\/wp\/v2\/pages\/67\/revisions\/108"}],"wp:attachment":[{"href":"https:\/\/umarmia.de\/index.php?rest_route=%2Fwp%2Fv2%2Fmedia&parent=67"}],"curies":[{"name":"wp","href":"https:\/\/api.w.org\/{rel}","templated":true}]}}